2*w + 138*w = s. What are the prime factors of w?
7, 97
Let r(s) be the third derivative of s**4/6 + 19*s**3/2 + s**2. Let p be 23 + (11 - (4 + -5)*-6). List the prime factors of r(p).
13
Suppose -z + i - 28034 = 0, -22*i + 28037 = -z - 20*i. List the prime factors of z/(-17) + 82/697.
17, 97
Let y = 8873 + 13834. List the prime factors of y.
3, 29
Let l(j) = -j**2 - 21*j + 124. Let x be l(-26). List the prime factors of (-2885)/(30/x) + -7.
2, 3, 5, 19
Let f be 18752/((-36)/9) + 6. Let n = -3286 - f. What are the prime factors of n?
2, 349
Let o be (-2 + 1)*(4 - (-234)/(-3)). Let g = o + 221. Suppose 18*k - g = 13*k. What are the prime factors of k?
59
Let m(c) = -19*c**2 - c - 12. Let q be m(8). Let o = -858 - q. What are the prime factors of o?
2, 3, 7
Let d = 2254 - -7574. List the prime factors of d.
2, 3, 7, 13
Suppose 5*w + 3*f + 3109 = -0*w, -3*f = -2*w - 1252. Let q = w - -1085. What are the prime factors of q?
2, 3, 7, 11
Let p(o) = -825*o - 549. What are the prime factors of p(-13)?
2, 3, 53
Suppose -5048 = -23*u + 1323. Suppose 4 = y, 4*y - 2399 + u = -3*x. List the prime factors of x.
2, 3, 13
Suppose 4*a - 4*l + 52 = 0, -4*a + 27 = -7*a - l. Let r(t) = -19 - 50*t + 4*t**2 - 2*t**2 - 2 + 62*t. List the prime factors of r(a).
59
Suppose -81*c - 25362 = -99*c. What are the prime factors of c?
1409
Suppose 925 = 4*s + 3*r - 4*r, s = -r + 225. Let q = s - 220. List the prime factors of q.
2, 5
Let x be ((-3)/(-2))/((-5 - -7)/(-8)). Let w be (0 - -372) + 3 + x + 4. Let r = w - 251. What are the prime factors of r?
2, 61
Suppose -4*n = -3*y - 11, -12 = n + y - 13. Suppose 4*f - 3 = 4*s + 9, 3*f - n*s = 11. What are the prime factors of f?
5
Suppose 2260 + 3333 = -7*x. Let f = x + 1571. List the prime factors of f.
2, 193
List the prime factors of ((-174175)/(-125))/((-6)/(-10))*6.
2, 6967
Let i = -643 + 293. Let y = -196 - i. What are the prime factors of y?
2, 7, 11
Let x = -42 + 53. Suppose -x*o - 1482 = -14*o. Let q = o - 249. What are the prime factors of q?
5, 7
Let y(g) = -g**3 - 19*g**2 - 47*g - 45. Let h be 2/9 - 5190/270. List the prime factors of y(h).
2, 53
Let t = 88 - 190. Let y = t - -238. What are the prime factors of y?
2, 17
Suppose 3 = 5*h - 2. Let x be ((12/(-8))/h)/(3/(-2)). What are the prime factors of (x + 0)/(-3*1/(-183))?
61
Let k(r) = r**3 + 16*r**2 + 28*r + 18. Suppose i = a - 9, 2*i + 3*a + 2*a + 39 = 0. List the prime factors of k(i).
2, 3, 43
Suppose 2440*o + 113610 = 5*v + 2435*o, 5*o - 68158 = -3*v. What are the prime factors of v?
22721
What are the prime factors of (-5)/60 - (7 - (-2226679)/(-84))?
26501
Suppose 0 = -55*l + 57*l. Suppose 2*b - 639 + 27 = l. What are the prime factors of b?
2, 3, 17
Let l be (-4 + -1)*(-1 - 0). Let q be (-2)/4 - (-1)/2. Suppose 3*z + l*f - 35 = q, 4*z - 3*z = -3*f + 13. What are the prime factors of z?
2, 5
Let r(f) be the third derivative of 13*f**5/12 - f**4/6 + f**3/2 + 34*f**2. List the prime factors of r(-2).
271
Suppose -60*t = -57*t - 9, k + 5*t = 3629. What are the prime factors of k?
2, 13, 139
Suppose 5*y - 15112 - 8073 = -4*h, 3*h = 3*y - 13938. What are the prime factors of y?
3, 7, 13, 17
Let a = -42347 + 101924. List the prime factors of a.
3, 7, 2837
Let q(v) = v**3 - 6*v**2 + 34*v - 39. List the prime factors of q(12).
3, 137
What are the prime factors of (-7755)/66*(-4)/10*185?
5, 37, 47
Let d(r) = 2*r**3 - 26*r**2 - 21 - 3*r**3 + 36*r**2 + 15*r. Suppose -6*o + 2*o = -44. List the prime factors of d(o).
23
Suppose -69*u + 15526 = -63962. What are the prime factors of u?
2, 3
Let c(s) = -s**2 - 3*s - 3. Let g be c(-3). Let p be 23/g - 1/3. Let h(f) = -2*f - 7. What are the prime factors of h(p)?
3
Suppose t = -t + 7*t. Suppose 2 = -m - 3*z, -4*m + m + 3*z + 18 = t. Suppose 0*f + 11 = -f - m*h, -3*h - 37 = -5*f. List the prime factors of f.
5
Let p(c) = 199*c**2 + 8250*c - 73. List the prime factors of p(-49).
2, 3, 13, 157
Let b be 1*12*(-16)/48. Let s be 0/(b + 1) - -3. Suppose 0 = 2*i - s*j - 144, -3*i - 75 = -4*i + 3*j. List the prime factors of i.
3, 23
Suppose -1841 = -k + 4*a, 5*k + 15*a - 11*a = 9157. Suppose -k + 6921 = 8*p. What are the prime factors of p?
2, 3, 53
Let a(d) = 11 + d**2 - 2*d**2 - 2*d + d**3 - 5*d**2. Let k be (-2)/((-30)/60 + (-6)/(-28)). List the prime factors of a(k).
2, 23
Suppose -2*k - 3*r + 975 = 0, 0 = 4*k + 5*r + 640 - 2595. Suppose j - 491 = w + 2*w, j = 5*w + k. What are the prime factors of j?
5, 97
Let i(j) = -j**3 - 16*j**2 + 17*j - 22. Let p be i(-15). What are the prime factors of (9/2)/9*(0 - p)?
251
Let h(j) = j**2 - 18*j + 55. Let c be h(16). Suppose c*x - 1762 = 19*x - v, -874 = -2*x + 3*v. List the prime factors of x.
2, 5, 11
Let v be ((-154)/8)/(2/(-8)). Suppose 8*x = -0*x - 8. Let t = v - x. List the prime factors of t.
2, 3, 13
Suppose -10*g = g + 22. Let k be (-105)/1 + 6/g. Let x = -85 - k. What are the prime factors of x?
23
What are the prime factors of ((-9210)/20)/(5/(-40))?
2, 3, 307
Let q(d) = d**2 + d + 34. Let m be (-1)/2*((-6)/3 + -2). Suppose 6*a = m*a. List the prime factors of q(a).
2, 17
Let i(w) = 4*w**2 - w + 4. Let g be i(2). Suppose 2*s - 4 = -2*a, -5*s = -a - 2*a - g. Suppose -l - 308 = -s*l. What are the prime factors of l?
2, 7, 11
Let w = -12652 - 26894. What are the prime factors of 8 - w/30 - (-4)/5?
1327
Let u = -4425 + 6104. List the prime factors of u.
23, 73
Suppose 30*t + 38*t - 1675359 = 19*t. List the prime factors of t.
3, 29, 131
Let h(s) be the first derivative of 167*s**2/2 - 106*s - 231. List the prime factors of h(8).
2, 3, 5, 41
Suppose -135927 + 57748 = -33*c + 103057. List the prime factors of c.
2, 1373
Let c(m) = m**3 - 5*m + 2. Let w be c(3). Suppose 9 = -2*h - 5*p, -p - w = -3*h - 2. List the prime factors of 12/36 + 164/h.
5, 11
Suppose 4*k - 3008 = -5*q, k + 2*k - 2256 = 4*q. Let j be (4/8)/(4/k). Suppose -w - 23 + j = 0. List the prime factors of w.
71
Let t = 2836 - 1908. Suppose 10*x = t - 688. List the prime factors of x.
2, 3
Let f be (4/(-10))/((-4)/30). Suppose f*u = -u + 4. Let n(t) = 59*t**3 + 3*t - 2. List the prime factors of n(u).
2, 3, 5
Let y(k) = 13*k**2 - 103*k - 447. List the prime factors of y(-35).
3, 6361
Let d be (4/14 + 4/(-14))/2. Suppose d*r + 26 = r. Suppose -c - r = -125. What are the prime factors of c?
3, 11
Let h be (12/2 + -4)/((-4)/(-38)). Let s = h + 181. What are the prime factors of s?
2, 5
Suppose 5 + 3 = -3*y + 4*a, -2*a = -y. List the prime factors of ((y/7)/2)/((-138)/14007).
2, 29
Suppose -5*m - q = 6 - 7, m = -4*q + 4. Suppose 3*r - r - 1132 = m. List the prime factors of r.
2, 283
Let o(g) = g**3 + 3*g**2 - 3*g - 12. Let h be o(-3). List the prime factors of 1*(-1)/((-3)/(-981)*h).
109
Let c be 216/(22/4 + -4). Let w be 183/9*21/7. Suppose -5*o - c = -4*b, 5*o + 0*o - w = -b. What are the prime factors of b?
41
Suppose -14*z + 1128470 = 232456. List the prime factors of z.
7, 41, 223
Let z(t) = 3627*t + 743. What are the prime factors of z(4)?
101, 151
Suppose 3*f - 10 = 5*r, 3*f + 5*r - 3*r = -25. List the prime factors of 14/(f + 462/90).
3, 5, 7
Let d be (2156/147)/((4/114)/1). Suppose -l = -d - 28. List the prime factors of l.
2, 223
Suppose 489*y = -2*h + 488*y + 4225, 0 = -5*h - 4*y + 10561. What are the prime factors of h?
2113
Let q = -37 + 54. Suppose 0*b - 24 = 3*b - 3*m, 4*b + m = -q. What are the prime factors of b/(-4 + 76/20)?
5
Let z(c) = c**3 - c + 2. Let y be z(0). Suppose k - y*s = 3*s + 491, 0 = 4*s - 12. Suppose -8*p = -662 - k. What are the prime factors of p?
2, 73
Suppose 77391 = -44*w + 574063. What are the prime factors of w?
2, 17, 83
Let w be 117/12 + 3/12. Let v = w - 11. List the prime factors of (v - -4) + 1 - -77.
3
Let a(v) = v**3 + 32*v**2 - 62*v - 15. List the prime factors of a(15).
2, 3, 5, 107
Suppose -x = -4*u - 13691, 14*x - 34*u = -38*u + 191434. What are the prime factors of x?
5, 547
Let i(q) = -17 + 12*q + 4 + 5*q**2 - 4. Let u be i(-8). Let z = -114 + u. List the prime factors of z.
3, 31
Suppose 5*x = 14*x - 18. Suppose -x*a = 10*a - 1788. What are the prime factors of a?
149
Let y be 10/3*51/85. Suppose y*t + 4*r = 404, 4 = -2*r - 4. What are the prime factors of t?
2, 3, 5, 7
Let v be (-1)/((-12)/302) - 2/12. What are the prime factors of (-3)/(15/(-2164)) + (-20)/v?
2